hat is the value of -5 - (4 - 12 - -1)?
2
What is 11 - 21 - (2 - 0 - 6)?
-6
What is 28 + -27 - (2 - 4 - -2)?
1
Evaluate 0 + -12 - -5 - -4.
-3
-1 - (-1 + -1) - (20 + -21)
2
What is the value of 0 + -5 + (6 - -1) - -4?
6
What is the value of 2 - -1 - (-2 - -4)?
1
What is -8 + 1 + 3 - (-3 - -1)?
-2
-2 + (-9 - (-8 + -6))
3
What is the value of 0 - (-9 + 8) - 4?
-3
Evaluate 1 - (-2 + 7 + -3) - 0.
-1
Evaluate 1 - -2 - ((-3 - 0) + 3).
3
What is the value of 1 + 0 + (1 - (-2 - -1))?
3
1 - 3 - 0 - 3
-5
Evaluate 0 - (0 + -1 + -2).
3
What is the value of 2 - 8 - (-21 + 18) - 4?
-7
Calculate 2 + (-5 - (-8 - (1 + -6))).
0
Evaluate -20 + 29 + -3 + -1.
5
Evaluate 2 + (-6 + 4 - -1) + -2.
-1
What is the value of (-3 - 0) + 20 + -10?
7
Evaluate -6 + 13 + 4 - 8.
3
Evaluate (-3 - -1) + -1 + (-6 - -4).
-5
(-17 - -24) + -12 + 7 + -1
1
Calculate (-4 - -2) + (4 - 4).
-2
Evaluate 1 + 5 + 1 + (2 - 7).
2
What is 5 - 2 - (4 - -3 - 8)?
4
Evaluate (-4 + 6 - -4) + 5 + -5.
6
(6 - (-5 + -6)) + -11
6
Calculate -1 - ((5 - 0) + -11).
5
(-1 - (-2 + -9)) + (222 - 226)
6
Evaluate -7 - (2 + 0) - -7.
-2
What is 4 + 2 - (10 + 14 + -8)?
-10
What is 1 - 1 - (-15 - (-8 - 4))?
3
-5 - (1 - -2 - (1 + 4))
-3
(18 - 13) + 7 + -12
0
What is (1 - 2 - 7) + 10?
2
Evaluate -8 - (-5 + -11 + 8).
0
Calculate 13 - 11 - (2 - (-2 - 2)).
-4
Evaluate (3 - (-2 + 1)) + -1 + 0.
3
What is 0 - 6 - (3 + -6 + 1)?
-4
Evaluate 3 - 17 - (5 + -4 + -8).
-7
Evaluate (-14 - -45) + -18 - (7 - 1).
7
What is 2 + (-11 - -19) + -12?
-2
5 + 0 + (2 - 6)
1
-4 - (-6 - -1 - (35 + -39))
-3
What is the value of (2 - 0) + 7 + -8?
1
What is (0 - 5 - -1) + 2?
-2
What is -23 - -24 - (2 - 5)?
4
Calculate 8 - 7 - (4 + -6).
3
-5 + (5 - (7 - 1)) - -3
-3
(-3 + -1 - 7) + 7
-4
What is the value of (8 - 6) + -13 + 1?
-10
(-5 - -4) + (1 - (-5 - 0))
5
Evaluate -3 + 1 - -6 - (-5 - -4).
5
Calculate 4 - (2 + 1 + -1 + -1).
3
4 - 6 - (-2 + -1 + 0)
1
What is (9 - 22 - -7) + 7?
1
What is (2 - -4) + -3 - (-7 - -4)?
6
-3 + (12 - 7) + 3
5
What is the value of -14 + (16 - (0 + 10))?
-8
What is the value of 8 + -4 + -1 + 0 - -1?
4
What is (7 - 11 - -5) + -10?
-9
Calculate -6 + 8 - (7 - 13).
8
What is the value of 1 + 1 + 0 - (-40 - -45)?
-3
What is -13 + 7 - 5 - -9?
-2
What is the value of (2 - (5 - (-2 - -5))) + 3?
3
What is (-1 - 4) + 7 + -1 + -4?
-3
Evaluate 5 + 3 + -5 + -3 + 3.
3
What is 11 + (-33 - -8 - -10)?
-4
Calculate (-2 + (5 - 6) - -3) + 5.
5
1 + -4 - ((2 - 9) + 8)
-4
-9 + (-3 + 2 - -7)
-3
Calculate -4 + 6 + -11 + 4 - -6.
1
What is 4 - (0 + 1 + -2 + 7)?
-2
What is the value of -8 + 1 + 0 + 3?
-4
8 + -8 + -4 + (0 - -6)
2
What is the value of (-4 - -2) + 0 + -2?
-4
Evaluate (11 - 10 - 15) + 19.
5
What is the value of -6 - (-10 + 5) - -3?
2
What is -6 - ((-1 - 5) + 5)?
-5
Calculate 1 - (4 + -7 - -4).
0
Calculate 0 + -4 - (3 - 8).
1
What is the value of 40 - 38 - (4 - 1)?
-1
-5 + (1 - 1) + (22 - 16)
1
What is the value of (-24 - -28 - (-1 + 7)) + -4?
-6
What is (4 - 2) + (0 - 5) - 0?
-3
Calculate (9 + -2 - 6) + -1.
0
4 + 0 + (-8 - -5 - 3)
-2
Calculate 7 + (-2 - -2) + -8.
-1
What is 0 - (2 - -6 - 10)?
2
Evaluate -2 - 1 - -1 - (-3 + -4).
5
What is -50 - -49 - (0 - -7 - 2)?
-6
Evaluate 0 - (6 + 0 + -2 + 0).
-4
Calculate 3 + (-3 - -7) - (4 + 0).
3
What is the value of (3 - 2) + 2 + -6?
-3
Evaluate 5 - 14 - (-6 - 0).
-3
What is the value of -1 + -3 - (0 + -1)?
-3
Calculate (-1 + 1 - -2) + -5 + 6.
3
4 + (11 + 4 - 12)
7
What is -1 + -2 + 6 + -7?
-4
What is -7 + 10 + -1 + -5?
-3
Evaluate 4 + -2 + 3 + 3 + -4.
4
What is the value of -5 + -2 - (3 + -7)?
-3
What is the value of (21 - 19) + (-14 - -1) + 6?
-5
What is -17 + -4 + 8 - -6?
-7
6 + (1 - 12) + 7 + -2
0
Calculate -2 - 2 - (4 + -4).
-4
Evaluate (-7 - (-5 - -5)) + 6.
-1
Calculate -2 - ((0 - 3) + 0) - 2.
-1
What is the value of -7 + (3 - (-4 - 0) - 4)?
-4
Calculate (2 - 0) + -5 + 1.
-2
-3 + 0 + 6 + 9 + -4
8
What is the value of -1 - -6 - 0 - 7?
-2
Calculate -19 + 9 + 3 + 2.
-5
What is the value of -2 + -5 + (3 - 1)?
-5
Evaluate -3 + 6 - 0 - 13.
-10
1 + (2 - 3 - (5 - 7))
2
Evaluate -2 + 9 - (1 - (0 + -3)).
3
What is the value of -1 + 5 - (-22 + 26)?
0
What is the value of (1 - 2) + 1 + 3?
3
-2 - (-3 - -1) - -2
2
What is the value of -4 + 2 + -5 + 3?
-4
What is (4 - 9) + 2 + 4?
1
Evaluate -3 + -8 - (3 + -9).
-5
(1 - (-5 + 6)) + (0 - 0)
0
Evaluate -3 + -3 + -3 + (7 - 3).
-5
What is -8 + (7 - 1) + 2 + -2?
-2
What is (5 - 0) + (2 - 9)?
-2
-1 + 0 + -7 + 5
-3
1 + (8 - (21 + -8))
-4
Evaluate (-2 - -3 - -1) + (-14 - -11).
-1
2 - (8 - (15 + -5) - -1)
3
Calculate -1 + 9 + -13 - (0 + 1).
-6
What is the value of 3 - (-2 - (2 - 1) - 0)?
6
(3 - 7) + 2 + 5 - 2
1
What is the value of -6 - (1 - (2 - (1 - -3)))?
-9
Calculate (5 - 9 - 4) + 5 + -2.
-5
What is (-9 - (-10 - 4)) + (-1 - 6)?
-2
What is the value of 1 + -4 + 7 + (-1 - 0)?
3
What is -61 - -71 - (9 - 0)?
1
Calculate 7 + 1 + (11 - (0 + 11)).
8
What is -3 - (-8 - -6) - 0?
-1
What is 0 + -1 + (4 - (0 - -3))?
0
What is the value of -2 - -4 - ((-4 - 0) + 2)?
4
Evaluate 4 + (1 - 8 - 2).
-5
Evaluate -12 + 10 + 4 - 5.
-3
Evaluate 0 + 5 + 0 + 11 + -13.
3
Calculate 6 + (6 - 4 - 3).
5
What is the value of 0 + 1 + (6 + 0 - 8)?
-1
Evaluate 16 + -12 - (2 + (0 - -1)).
1
What is the value of 9 + -6 + -14 + 4?
-7
(-3 - -3 - -1) + -1
0
16 + -16 + 2 + 4
6
What is 3 + (-5 - -7) + -2?
3
What is the value of 4 - (16 + -6 + -9)?
3
Evaluate 0 - (-6 - -1 - -2).
3
What is 5 + (5 - (-2 - (3 + -12)))?
3
What is the value of 0 + 6 - 0 - 1?
5
Calculate 2 - 2 - -3 - (2 + -1).
2
Calculate 14 - 11 - (1 + 1).
1
Calculate 4 + 1 + (1 - 4) - 2.
0
Evaluate (10 - 0) + (13 - 16).
7
Evaluate -4 - (4 + -5 - -2).
-5
-12 + (3 - 0 - -2) - 1
-8
Evaluate 4 + 9 - (2 + (8 - 3)).
6
What is (3 - -2) + 1 - (1 - -9)?
-4
Calculate -1 + (0 - 1) + (108 - 106).
0
(1 - 3) + -2 - -1
-3
Calculate 2 + -4 - (-6 - -9).
-5
Evaluate -11 + 2 + 3 + 0.
-6
-2 - -4 - (7 + -2)
-3
(9 - 14) + (-3 - -9)
1
Evaluate (4 - (2 + -1)) + 0.
3
Evaluate (-3 - (7 - 5)) + -6 + 10.
-1
Calculate 0 - 4 - -10 - -1.
7
What is the value of (1 - -1) + (15 - 19) - -2?
0
What is the value of -1 + (5 + -1 - (3 - 1))?
1
What is the value of 5 + -3 + 0 + -1?
1
What is (-6 - (-6 - (-16 - -4))) + 6?
-6
0 - (0 + 3 + -1) - 1
-3
Evaluate -9 + (-8 - (-13 - 8)).
4
What is -4 - (-7 - 2) - (15 + -5)?
-5
What is the value of 3 - -1 - (0 + 1)?
3
Evaluate (-16 - -7) + 8 - (-4 - 1).
4
Evaluate -11 - -6 - (3 + -7 + -1).
0
Evaluate 1 + (5 + 4 - 0) + -3.
7
Evaluate -5 + (5 - -4) + -4.
0
What is -7 - -21 - 9 - 1?
4
What is -1 - -3 - (-27 - -26)?
3
0 - (5 + -2) - (19 + -20)
-2
What is -1 - -6 - (30 + -24)?
-1
What is the value of -2 - (0 + -4 - -5)?
-3
What is the value of 10 - (-2 + 5) - (1 - -2)?
4
What is the value of 7 - (6 - (-4 + -5 + 8))?
0
Evaluate -6 + (5 - (-4 - -1) - 4).
-2
Calculate 1 - ((-5 - -4) + 0).
2
What is the value of -22 + 26 + -2 + 0 - -3?
5
(1 - -7) + 8 + (-5 - 8)
3
What is the value of -1 + -3 + 2 + (-16 - -21)?
3
What is the value of -5 - -5 - 5 - -5?
0
What is the value of -4 + 3 - (1 - -1)?
-3
29 - 28 - (7 + (3 - 2))
-7
Evaluate 1 + (-5 - ((0 - 2) + -4)).
2
Evaluate -11 + 7 + 6 + -8.
-6
What is the value of -5 + 4 + -1 + 1?
-1
What is (1 - -7) + (-55 - -49)?
2
Calculate -7 + 8 + -14 + 11.
-2
Evaluate (11 - 11) + (-1 - -5) + -8.
-4
Evaluate 0 + 4 - 11 - -7 - -6.
6
-3 + 1 + 11 + -5 - 6
-2
9 + 1 - (-109 + 119)
0
Calculate 4 + 1 - (-23 - -26).
2
What is the value of -1 - (-9 + 18 - 6)?
-4
What is -2 - (0 + 2 + -5 + 5)?
-4
Calculate 3 + 4 - (-10 + 11).
6
-3 - (5 - (-1 + 5))
-4
What is the value of 1 + 5 + -5 + 0?
1
10 + (-7 - -1 - 9)
-5
3 - -1 - (-2 - -5)
1
What is the value of 0 - ((4 - (11 - 5)) + 3)?
-1
Evaluate -1 + (-1 - -4) - 0.
2
What is the value of (-33 - -33 - (7 - 0)) + 4?
-3
What is the value of -1 + 2 - -5 - (-2 + 2)?
6
Calculate -7 + 0 + (12 - 6).
-1
Calculate -2 - 0 - -2 - 5.
-5
Evaluate -7 + 11 + -8 + 2 + -6.
-8
Calculate -7 - ((-2 - 6) + -2 + 0).
3
Evaluate -5 - (-3 + 2) - (3 - 4).
-3
1 - 0 - -2 - (6 - 2)
-1
11 + -7 + 6 - 7
3
(1 - 4) + -65 + 59
-9
3 + (-3 - (3 - 4)) - 3
-2
What is the value of -5 - (7 - (8 - 6 - -3))?
-7
What is -5 - ((-5 - -1) + 4)?
-5
Evaluate -3 + 0 + (0 - 2) + 4.
-1
Evaluate 6 - 3 - (-1 + 7 + -4).
1
What is -7 + (-8 - (-6 + -3))?
-6
What is 5 - 12 - (0 + -9)?
2
-4 - -7 - (-3 + 8)
-2
What is 8 + -18 - ((-6 - -4) + 0)?